7.
17, 149307331
List the prime factors of 125224013.
677, 184969
List the prime factors of 30559836.
2, 3, 349, 7297
What are the prime factors of 203341091?
23, 8840917
List the prime factors of 29833482.
2, 3, 7, 710321
List the prime factors of 81877442.
2, 2347, 17443
What are the prime factors of 1758330937?
11, 159848267
What are the prime factors of 7407439603?
7407439603
List the prime factors of 1515043280.
2, 5, 19, 996739
List the prime factors of 1297175828.
2, 13, 19, 1312931
List the prime factors of 55286975.
5, 17, 130087
What are the prime factors of 20810756?
2, 83, 62683
What are the prime factors of 48496954?
2, 11, 17, 129671
List the prime factors of 99884547.
3, 7, 1585469
List the prime factors of 55103383.
6163, 8941
List the prime factors of 1453007375.
5, 11624059
What are the prime factors of 602145032?
2, 17, 59, 101, 743
What are the prime factors of 46926367?
5807, 8081
What are the prime factors of 382038770?
2, 5, 443, 86239
List the prime factors of 5530847919.
3, 31, 59471483
What are the prime factors of 6581027383?
7, 41, 59, 388651
List the prime factors of 35635891.
35635891
What are the prime factors of 1530539644?
2, 382634911
List the prime factors of 357469164.
2, 3, 13, 763823
What are the prime factors of 988495699?
919, 1075621
What are the prime factors of 2725985774?
2, 43, 31697509
What are the prime factors of 63878608?
2, 19, 210127
What are the prime factors of 6626133923?
97, 68310659
What are the prime factors of 255630793?
11, 97, 239579
List the prime factors of 2138792530.
2, 5, 7, 30554179
List the prime factors of 77507442.
2, 3, 478441
List the prime factors of 2109352336.
2, 7, 13, 19, 76249
List the prime factors of 141844055.
5, 28368811
List the prime factors of 2014577272.
2, 10853, 23203
List the prime factors of 416143964.
2, 3929, 26479
List the prime factors of 612968099.
17, 29, 1243343
What are the prime factors of 916841626?
2, 457, 1003109
List the prime factors of 658685206.
2, 103, 3197501
List the prime factors of 157627884.
2, 3, 13135657
List the prime factors of 3901583549.
191, 20427139
List the prime factors of 1899819932.
2, 197, 2410939
List the prime factors of 40805863.
7, 19, 97, 3163
What are the prime factors of 2144010615?
3, 5, 61, 691, 3391
List the prime factors of 76555480.
2, 5, 43, 47, 947
What are the prime factors of 12691228?
2, 11, 211, 1367
List the prime factors of 84175762.
2, 11, 149, 25679
List the prime factors of 79636003.
79636003
What are the prime factors of 2291882247?
3, 41, 1091, 5693
List the prime factors of 80570740.
2, 5, 41, 98257
What are the prime factors of 159061534?
2, 79530767
List the prime factors of 1266678521.
83, 15261187
List the prime factors of 137155094.
2, 29, 2364743
What are the prime factors of 196531396?
2, 49132849
List the prime factors of 223039135.
5, 11, 4055257
List the prime factors of 2930249534.
2, 43, 941, 36209
List the prime factors of 250930031.
11, 1259, 18119
List the prime factors of 161444548.
2, 40361137
List the prime factors of 159544871.
89, 593, 3023
What are the prime factors of 29502689?
29502689
What are the prime factors of 349989824?
2, 47, 307, 379
What are the prime factors of 39714463?
3917, 10139
List the prime factors of 72588351.
3, 11, 17, 47, 2753
List the prime factors of 10541595.
3, 5, 702773
List the prime factors of 61990187.
7, 197, 44953
List the prime factors of 178485243.
3, 59495081
What are the prime factors of 16385932?
2, 547, 7489
List the prime factors of 1493302655.
5, 13, 29, 313, 2531
What are the prime factors of 249619759?
23, 471871
List the prime factors of 856185363.
3, 11, 281, 10259
List the prime factors of 98352733.
163, 603391
List the prime factors of 182677293.
3, 23, 29, 30431
List the prime factors of 855365054.
2, 427682527
List the prime factors of 71021990.
2, 5, 13, 546323
What are the prime factors of 13185603?
3, 1465067
List the prime factors of 347330044.
2, 1481, 58631
List the prime factors of 444193048.
2, 13, 31, 137777
List the prime factors of 362780453.
7, 127, 408077
List the prime factors of 3080376228.
2, 3, 3557, 72167
List the prime factors of 174542904.
2, 3, 41, 19709
List the prime factors of 243210662.
2, 121605331
What are the prime factors of 652570380?
2, 3, 5, 7, 11, 197, 239
List the prime factors of 4809429506.
2, 7, 17, 811, 24917
List the prime factors of 115784350.
2, 5, 11, 131, 1607
What are the prime factors of 639590075?
5, 101, 439, 577
What are the prime factors of 28864510?
2, 5, 2886451
What are the prime factors of 383209417?
23, 911, 18289
List the prime factors of 514405244.
2, 17, 1483, 5101
List the prime factors of 32020782.
2, 3, 5336797
What are the prime factors of 12957204?
2, 3, 13, 83059
List the prime factors of 617163470.
2, 5, 7, 11, 97, 8263
What are the prime factors of 1438094684?
2, 13, 163643
List the prime factors of 642747228.
2, 3, 53562269
List the prime factors of 175547962.
2, 29, 257, 11777
List the prime factors of 11280266.
2, 373, 15121
What are the prime factors of 35557468?
2, 829, 10723
List the prime factors of 2541107259.
3, 282345251
List the prime factors of 27931270.
2, 5, 467, 5981
List the prime factors of 39826493.
7, 5689499
What are the prime factors of 74485689?
3, 24828563
List the prime factors of 54000059.
29, 907, 2053
List the prime factors of 73039951.
29, 2518619
What are the prime factors of 6638671?
13, 127, 4021
What are the prime factors of 1662367062?
2, 3, 277061177
What are the prime factors of 46503820?
2, 5, 11, 29, 37, 197
List the prime factors of 6116787.
3, 17, 39979
List the prime factors of 7688048.
2, 480503
List the prime factors of 798859565.
5, 7, 22824559
What are the prime factors of 31334759?
47, 666697
What are the prime factors of 746289466?
2, 13, 59, 37423
What are the prime factors of 123135870?
2, 3, 5, 11, 13, 28703
What are the prime factors of 147503249?
47, 131, 23957
What are the prime factors of 349700869?
7, 181, 276007
What are the prime factors of 57054681?
3, 401, 15809
List the prime factors of 879913884.
2, 3, 47, 1560131
What are the prime factors of 4647905126?
2, 61, 38097583
List the prime factors of 830230242.
2, 3, 83, 127, 13127
What are the prime factors of 876587968?
2, 13696687
List the prime factors of 29250900.
2, 3, 5, 7, 4643
What are the prime factors of 53188643?
2371, 22433
What are the prime factors of 24356167?
11, 263, 8419
List the prime factors of 634876162.
2, 317438081
List the prime factors of 812433151.
31, 26207521
What are the prime factors of 848166026?
2, 424083013
List the prime factors of 751632660.
2, 3, 5, 4175737
What are the prime factors of 1876567320?
2, 3, 5, 2221, 2347
List the prime factors of 1575702644.
2, 10313, 38197
List the prime factors of 61221663.
3, 251941
What are the prime factors of 714384769?
7, 14579281
What are the prime factors of 1391486614?
2, 7, 23, 617341
What are the prime factors of 376515748?
2, 7, 13446991
What are the prime factors of 652250626?
2, 449, 726337
What are the prime factors of 70878888?
2, 3, 89, 1229
What are the prime factors of 334793558?
2, 11, 521, 29209
What are the prime factors of 1388610216?
2, 3, 7, 101, 433
List the prime factors of 1074663642.
2, 3, 13, 59, 293, 797
What are the prime factors of 8439671035?
5, 41, 41169127
List the prime factors of 11792012.
2, 349, 8447
List the prime factors of 42706005.
3, 5, 2847067
List the prime factors of 472550195.
5, 13, 559231
List the prime factors of 12516985.
5, 13, 14813
What are the prime factors of 200494647?
3, 22277183
List the prime factors of 850911654.
2, 3, 701, 202309
What are the prime factors of 187115247?
3, 11, 171823
List the prime factors of 26800557.
3, 7, 229, 5573
List the prime factors of 92758245.
3, 5, 79, 78277
List the prime factors of 112906631.
613, 184187
List the prime factors of 1660330211.
17, 97666483
List the prime factors of 6108144.
2, 3, 7, 53
What are the prime factors of 199739903?
11, 1650743
What are the prime factors of 3385801585?
5, 127, 5331971
List the prime factors of 465143644.
2, 7, 29, 19753
What are the prime factors of 1255064364?
2, 3, 131, 266129
What are the prime factors of 7716791985?
3, 5, 7, 23, 443, 7213
What are t